o + r, 0*r - 5 = o + 4*r. Suppose 0 = o*d - 5*d - 4*m + 58, -d = -5*m - 36. Let h = d - 14. What is the units digit of h?
7
Suppose -j + 3*j - 1974 = 4*n, 4*j - 5*n - 3936 = 0. What is the tens digit of j?
7
Suppose -4*k = -2*k + 22. What is the units digit of (14/(-6))/(k/231)?
9
Suppose -3*w - 2*w = 10, 2*c = w + 46. Suppose -c = -2*x - 12. Suppose b - 72 = -x*k, 5*b + 2*k - 131 = 114. What is the units digit of b?
7
Suppose 5*t + 136 - 15 = 2*d, d - 58 = 2*t. Suppose -3*i + 156 = d. What is the units digit of i?
6
What is the thousands digit of (1/(-5))/(-9 - 1460412/(-162270))?
1
Let o(v) = -v**3 + 9*v**2 - 4*v + 39. Let j be o(9). Suppose -j*s + 384 = 5*f - 239, 4*s + 5*f = 824. What is the hundreds digit of s?
2
Let a(m) be the second derivative of -m**3 - 15*m**2/2 - 7*m. What is the units digit of a(-5)?
5
Let c(s) = -s**3 - 4*s**2 - 6*s - 3. Let p be c(-3). Let i be (195/p - -1)*2. Let v = -34 + i. What is the units digit of v?
3
Let x = 39 - 14. Suppose x*v - 19*v - 456 = 0. What is the tens digit of v?
7
Let t be (-7 + 19)/((-4)/(-26)). Let p(b) = 11*b**2 - 6*b - 8. Let m be p(-3). Let f = m - t. What is the units digit of f?
1
Suppose 0 = -2*r + 2*i + 332, 2*r + 0*i + 4*i = 320. What is the units digit of r?
4
What is the hundreds digit of 0 - ((-335 - (-4 + 6)) + 1)?
3
Let m be -1*7/((-28)/12). Let f(j) = 65*j + 6. What is the hundreds digit of f(m)?
2
Let v(y) = -y**2 + 7*y + 5. Let b be v(7). Suppose 7 = -2*o + 17. Suppose -o*l + 79 + 35 = -2*t, b*t = 15. What is the tens digit of l?
2
What is the thousands digit of (-88)/132 - (-9646)/6?
1
Suppose 0 = 2*d + 3*c + 4 - 1, 4*d - 4*c = 24. Suppose -d*u - 12 = 0, -x + 3*u + 14 = 3. Let b(s) = -11*s - 2. What is the units digit of b(x)?
9
Let s = -81 + 78. What is the tens digit of ((-23)/3)/(5/360*s)?
8
Let i = 2777 + 805. What is the hundreds digit of i?
5
Let w = 281 + -226. What is the units digit of w?
5
Let o(v) = 4*v - 12. Let q be o(8). Let t be (8/q)/(-1)*-125. Suppose 0 = -5*y + t. What is the units digit of y?
0
Let y(l) = l + 10. Let x be y(8). Let m = x + 38. What is the units digit of m?
6
Let w = 277 + 235. What is the hundreds digit of w?
5
Let b be -4 - (-4 + 0)*13. Suppose -2*i = 2*i - 4*d - 52, 4*i - 5*d - b = 0. What is the tens digit of i?
1
Let g = -967 - -1556. What is the units digit of g?
9
Let m be (175472/30)/8 - 4/30. Let w = -509 + m. What is the units digit of w?
2
Let i = -73 + 75. What is the tens digit of 3970/15 + (-15)/9 + i?
6
Suppose -4*c - 293 = -53. Let d be c/(-14) - 4/14. Suppose -l = 2*a - 13, 8*a - 4*a = d*l - 88. What is the units digit of l?
9
Suppose -w + 3 = -0*c + c, 0 = 5*w + 4*c - 15. Suppose 3*j = 2*j - 3. What is the tens digit of (-6)/w - (-10 + j)?
1
Let k(o) = 18*o - 121. What is the units digit of k(47)?
5
Let r = -27 + 5. Let m = r + 38. What is the tens digit of m?
1
Suppose p + c = 3*p - 8, 0 = p + c + 2. Let h(r) = 75*r + 1. What is the units digit of h(p)?
1
Let s(h) = h**3 - h - 4. Let v be s(2). Suppose 475 = 4*t + v*z - 587, 4*t - 1092 = 4*z. What is the hundreds digit of t?
2
What is the tens digit of 2561 + (2 + -6)*-1?
6
Let a = -47 + 91. Suppose -56 = -5*t + a. Suppose -3*z + 9 = 5*g - 6, 5*g + t = 4*z. What is the units digit of z?
5
Suppose -5*z = 6*z - 7381. Suppose 2*h - 207 = -x, 3*h - z = -3*x + 7*h. What is the hundreds digit of x?
2
Let f(o) = o**3 - 22*o**2 + 4*o + 177. What is the units digit of f(22)?
5
Let i = -4540 + 6799. What is the units digit of i?
9
Let h(b) = -b**3 - 4*b**2 - b - 5. Let g be h(-4). What is the tens digit of (6/8 + g)*(8 + -436)?
0
Suppose 0 = -0*j + 5*j + 2*i, -i = -5*j. Let l be (j + -6)/(6/(-4)). Suppose 4*f + l*h = 28, 3*h + 19 = 4. What is the tens digit of f?
1
Suppose -2*d - 5 = -3*d. Suppose 2*u - 5*t = 3*u + d, -5 = 3*u + 5*t. Suppose -o + 0*o + 58 = u. What is the tens digit of o?
5
Let l(j) = 2*j + 66. Let p(z) = -1. Let v(b) = l(b) - 8*p(b). What is the units digit of v(0)?
4
Suppose -4*z - 19017 = 10*f - 15*f, -5*f + 19035 = 5*z. What is the hundreds digit of f?
8
Let v be 25/(-10)*(-4)/(-2). Let b(x) = 3 - 4*x + 2 + 0. What is the tens digit of b(v)?
2
Let c be (2/(-4))/((-4)/3392). Suppose -2*n + 10*n = c. What is the units digit of n?
3
Let w(r) = 386*r**2 + 8*r - 7. What is the tens digit of w(1)?
8
Let t be 6/24 - 14/(-8). Suppose 5*g - t*g - 120 = 0. What is the units digit of g?
0
Suppose -15*h + 17*h - 74 = 0. Let t = h - 0. What is the units digit of t?
7
Let v(p) = -8*p**3 - 4*p**2 + 7*p + 12. Let m(u) = -7*u**3 - 4*u**2 + 7*u + 11. Let w(j) = 7*m(j) - 6*v(j). What is the tens digit of w(-6)?
3
Let u = 106 + -103. What is the units digit of 26/u*(-21)/(-2)?
1
Suppose 2*z + 3 = 13. Suppose 0 = -z*l - 294 + 794. What is the tens digit of l?
0
Suppose -1 = 2*b - 5. Let u(s) = 8*s**3 + 7*s**2 - 7*s + 5. What is the tens digit of u(b)?
8
What is the tens digit of (-97 + 89)/((-1)/(-211)*-2)?
4
Let r = 1415 + -652. What is the tens digit of r?
6
Suppose -2*l - 3*r + 173 = 0, 0 = -l + 3*r + r + 114. Let k = l - 65. Suppose -3*p - 79 = -2*w, w - 2*w + k = 2*p. What is the tens digit of w?
3
Let d(y) = -10*y + 10 - 4*y**2 + 15*y**2 - y + y**3 + 5. Let o be d(-12). Suppose -o*k + 54 = -87. What is the tens digit of k?
4
Let g(w) = 4*w**2 + 4*w. Let k be g(-8). Suppose -14*d = -7*d - k. What is the tens digit of d?
3
Suppose o + 9 - 50 = 0. Suppose 10*v = 2*y + 7*v + 3, 3*y = -4*v - 13. Let r = y + o. What is the units digit of r?
8
Suppose -5*r = -25, 5*j - 3*j - 3*r = 2241. What is the thousands digit of j?
1
Suppose 14*d - 19*d + 225 = 0. Let a = d + 79. What is the tens digit of a?
2
Let v be 27/(-9) + -2 + -2 + 11. Suppose v*m - 249 = -21. What is the units digit of m?
7
Let b = 300 - 216. What is the units digit of b?
4
Suppose 1584 = 2*a - 2*m, 4*a + 3*m - 2653 - 543 = 0. What is the hundreds digit of a?
7
Let f(s) be the third derivative of 2*s**5/5 + s**4/8 - 2*s**3/3 + 12*s**2. What is the units digit of f(2)?
8
What is the units digit of -3 + (-26 - -20)/((-6)/424)?
1
Let v(c) = -c**3 + 4*c**2 + c + 3. Let q be v(7). Let t = q + 223. What is the units digit of t?
6
What is the units digit of ((-14)/(-7) - -308)*6/4?
5
Let a be -2 - (-4 - -1 - -6). Let y be (-4)/(-10) - 98/a. Suppose 2*s - 3*s + 17 = 3*w, 5*w = -y. What is the tens digit of s?
2
Suppose -k = 4*v - 4, -5*k + 2*k + 12 = v. What is the units digit of 8 + -1 + k/(-11 - -7)?
6
Suppose 5*x - 154 = -4. Suppose -t + 3*t = -q - 9, q = 5*t - x. What is the units digit of 402/8 + q/(-20)?
1
Suppose 4*u - 5*w = 290 + 1511, -2*w = 4*u - 1794. What is the units digit of u?
9
Suppose 2112 = 4*l + 4*w, -5*l + 5*w - 239 = -2859. What is the units digit of l?
6
Let z(a) = -60*a + 29. What is the units digit of z(-6)?
9
Let b(f) = -f**3 - 21*f**2 + 15*f + 4. Let a = -60 + 38. What is the units digit of b(a)?
8
Suppose -4*t + 9428 = 2*s, 4*t + 11*s = 16*s + 9442. What is the hundreds digit of t?
3
Suppose 0 = -2*o - 5*p + 501, 2*p = -33*o + 31*o + 504. What is the tens digit of o?
5
Let k(h) = 6*h - 6. Let v be (18/(-8))/((-27)/(-144)). Let w be (-2 + 4)*(-30)/v. What is the units digit of k(w)?
4
Let s = 4318 + 1272. What is the thousands digit of s?
5
Let r(t) = t**3 - 15*t**2 + 22*t - 75. What is the tens digit of r(16)?
3
Let q be (2 - (1 - 8)*1) + -1. Suppose -340 = -q*i + 3*i. What is the units digit of i?
8
Suppose 11*m = 6*m + 2400. What is the units digit of m?
0
Suppose 0*d - 11 = -d. Suppose -2*h + 3*w - d = 0, 0*h = 5*h - 5*w + 20. What is the tens digit of (-8 + 9)/(h/(-14))?
1
Suppose 0 = -20*d + 19*d + 4. Suppose -296 = -0*q - d*q. What is the units digit of q?
4
Suppose -2*u + 392 = -4*b, 398 = 2*u - 0*u + 2*b. Suppose 7*j = 5*j + u. What is the tens digit of j?
9
What is the units digit of (-4 + (-717)/6)/((-25)/200)?
8
Let r(c) = 85*c**2 - 33*c - 3. What is the tens digit of r(-2)?
0
What is the tens digit of (-2)/(-3)*(-13 - -1360)?
9
Suppose -v + 243 + 326 = 0. What is the units digit of v?
9
Let u(f) = 59*f**2 + 35*f + 6. What is the hundreds digit of u(-3)?
4
Let q(v) = 2*v**2 + 34*v - 19. What is the hundreds digit of q(-21)?
1
Suppose 3*x = 536 + 1225. What is the hundreds digit of x?
5
Let c(a) = -3*a**2 + 5 - 2*a - 8*a + 4*a**2. Let h be c(10). Suppose -3*s - x = -60, 0 = h*s - 4*x -